 prime factors of (3/(-6))/(2/(-284)).
71
Let g(o) = -o**3 - 12*o**2 - 10*o + 13. Suppose -41 = 3*t - 2*i, 2*t - 56 = 6*t - 3*i. Let s be g(t). Suppose 5*r - s*r = 45. What are the prime factors of r?
3, 5
Suppose 3*m + 22 = -r, 4*r + 11 + 5 = 0. Suppose -2*u = 65 - 11. What are the prime factors of 16/m*u/12?
2, 3
List the prime factors of -177*(0 + 0 + (-1)/3).
59
Let b be -2 + 1 + 1 + 0. Suppose b = s - 2 - 0. Suppose s*r + 2*r - 20 = 0. What are the prime factors of r?
5
Suppose 0*i + 24 = 6*i. What are the prime factors of i?
2
Suppose -4 = -u - 0. Suppose 2*x - 40 = -u. What are the prime factors of x?
2, 3
Let t = -127 - -286. List the prime factors of t.
3, 53
Let a = 10 - 5. Suppose -l + 5*g = l - 2, -4*l + a*g + 4 = 0. Let z = l + 10. List the prime factors of z.
11
Let r = -2 + -4. Let f = 9 + r. List the prime factors of f/((-6)/(-8)) - 2.
2
Let f = -19 - -27. What are the prime factors of 7/(14/f) - -7?
11
Let v = 1 - 11. What are the prime factors of -5 + 5 - (-1 + v)?
11
Let u = -83 - -101. List the prime factors of u.
2, 3
Let b = 498 + -241. List the prime factors of b.
257
Let a(j) = -j**3 + 8*j**2 + 12*j - 4. Let l be a(9). Let g = l - 8. List the prime factors of g.
3, 5
Let i be -55*1*(-4)/10. Let q be 84/i + 8/44. List the prime factors of 1 + -15*q/(-6).
11
Let k be 1*3*52/12. Let c = k - 9. List the prime factors of c.
2
Suppose -2*z = -4*v + v - 16, 2*z + v = 0. Let r = 3 + z. What are the prime factors of r?
5
Let o(l) = l**2 + 3*l - 2. List the prime factors of o(-6).
2
Let g = 15 - 0. What are the prime factors of g?
3, 5
Let g(h) = -h**2 - 5*h + 1. Let v be g(-6). List the prime factors of (-6)/v*15/6.
3
Let v(k) = -k + 3. Let r be v(5). Let z be 3/(r + 15/12). Let n = z + 6. What are the prime factors of n?
2
Suppose 2066 = 12*n - 1126. What are the prime factors of n?
2, 7, 19
Suppose 2*l - 6 = 0, 2*l + 80 = -3*b + 239. List the prime factors of b.
3, 17
Suppose 0 = -5*x - 22 - 13. Let k(n) = -n**3 - 7*n**2 + 5. List the prime factors of k(x).
5
Suppose 27*q + 312 = 31*q. What are the prime factors of q?
2, 3, 13
Let v = 9 - 4. Let x = v - 2. Let m = 6 + x. What are the prime factors of m?
3
Let n be 36/10*(8 - -2). Let y be -2 - (6/3 + -24). Let r = n - y. What are the prime factors of r?
2
Suppose 0 = 3*d + 2*d - 75. What are the prime factors of d?
3, 5
Let y = 22 - 14. Let u = 22 - y. What are the prime factors of u?
2, 7
Suppose 0 = 4*k + 1 + 11. List the prime factors of (24 - 0)*(-2)/k.
2
Suppose 5*u + 2*g - 780 = -79, 0 = 2*u - 4*g - 290. List the prime factors of u.
3, 47
Suppose -k - 6 = 3*b, b - 1 = -2. What are the prime factors of (6 - 3)/k*-18?
2, 3
Let a(p) = p**3 - 8*p**2 + 2*p - 12. What are the prime factors of a(8)?
2
Let v(w) be the third derivative of -w**6/120 + 3*w**5/20 - 7*w**4/24 + w**3/6 + w**2. Let d(y) = y + 16. Let n be d(-8). What are the prime factors of v(n)?
3
List the prime factors of -5 + 2 - (-10 - 124).
131
Let g(p) = p**2 - 18*p + 6. Suppose n - 8 = 4*h, 0 = 4*n - 2*h - 8 - 24. Let v be g(n). What are the prime factors of 2/(-6) - v/6?
2, 3
Suppose -2*a + 5*d = -0*d - 603, 4*d + 600 = 2*a. List the prime factors of a.
2, 3, 7
Suppose 60 = -4*f - 0*q + 2*q, 3*q + 40 = -4*f. Let w be 6/(5/(-3) + 2). Let m = w + f. What are the prime factors of m?
5
Let k(w) = -4*w + 13. Let s be k(-6). Suppose v + 4*v - 20 = 0. Suppose -5 + s = v*t. List the prime factors of t.
2
Let k(u) be the third derivative of -u**4/12 - u**3/2 + u**2. Let i be k(-4). Suppose i*q - 40 = -0*q. What are the prime factors of q?
2
Let j = -33 - -83. Suppose -4*a - 40 = -4*l - 5*a, -5*l + 2*a = -j. List the prime factors of l.
2, 5
Let z(k) be the second derivative of -k**3/6 + k**2 + k. Let j(t) = 5*t - 9. Let a(i) = 2*j(i) + 9*z(i). What are the prime factors of a(5)?
5
Let i = -183 + 269. Suppose 0 = -4*m + 74 + i. List the prime factors of m.
2, 5
Let j = 7 - 3. What are the prime factors of 1 - (-17 - (-1 + j))?
3, 7
Suppose 0 = 4*s - 5*s + 13. Suppose 4*d - 5*h + s = 0, -d + 0*h = 4*h - 23. Suppose d*w - 20 = -5*x, 0 = -2*x - 5*w - 5 - 6. List the prime factors of x.
7
Suppose k + 0 + 6 = 0. Let d(z) = -z - 3. Let f be d(k). Suppose 0*s - f*s = -36. What are the prime factors of s?
2, 3
Let k(f) = -f**2 - 8*f + 4. List the prime factors of k(-8).
2
List the prime factors of (108 - -3)*1/3.
37
Let s(a) = a**2 + 3*a + 4. Let c(b) = -4*b**2 - 12*b - 17. Let o(h) = 2*c(h) + 9*s(h). What are the prime factors of o(-4)?
2, 3
Let a = 4 - 0. Suppose 2*w - a + 2 = 0, -z + 3*w + 4 = 0. What are the prime factors of z?
7
Let x(m) = -m**3 - 6*m**2 + 3*m + 14. What are the prime factors of x(-7)?
2, 3, 7
Suppose v = 4*v - 12. Suppose -5 - 7 = v*t. List the prime factors of (t + 1)*(-11 + 5).
2, 3
Let y = -10 + 13. Suppose 4*u - 68 = -4*h, -2*u - 30 = -y*h + 2*u. List the prime factors of h.
2, 7
Let g = 22 - -95. Suppose 0*c - g = -5*p - c, 0 = -2*p + 4*c + 38. What are the prime factors of p?
23
Suppose -3*q - 116 = 2*p, -2*q = 3*p + p + 80. Let m = 69 + q. What are the prime factors of m?
31
Let g(c) = 3*c**2 + 4*c + 4. What are the prime factors of g(-3)?
19
Let g(h) = -6*h**2 + 5*h**2 + 3 - 3. Let l(y) = -3*y**3 - 6*y**2 - y. Let s(n) = -4*g(n) + l(n). List the prime factors of s(-1).
2
Let r = -16 + 22. Let v(h) = -h**3 + 6*h**2 + 2*h - 6. Let i be v(r). What are the prime factors of (-2)/((-5)/(195/i))?
13
Let q be (-2)/3 + 6/(-18). Let a be (-31 + 6/3)/q. Let i = a + -12. What are the prime factors of i?
17
Let u(p) = -p - 2*p + 5*p**2 - 10*p**2 - p**3 + 2 + 9*p**2. What are the prime factors of u(3)?
2
Let p be 3/9 - (-32)/(-6). Let m(c) = -c + 13. List the prime factors of m(p).
2, 3
Let s(p) = 3*p**3 + 6*p**2 - 6*p - 2. What are the prime factors of s(2)?
2, 17
Let x = 5 + 18. Let c = x - -9. List the prime factors of c.
2
Suppose -4*d - 3*j = -354, -d - 6*j = -2*j - 82. What are the prime factors of d?
2, 3, 5
Let c(i) = 11*i + 3. Let o be c(3). Suppose -6 = -r - 5*a, a + a + o = 2*r. What are the prime factors of r?
2
Suppose -2*v = 6*x - 2*x + 4, -4*v = -4*x - 4. Let z(s) = 3 + 3*s - 3 + v - 2. List the prime factors of z(5).
13
Let x(n) = -5 + n**2 + 3 - n**3 + 3*n**3 - n. Let g be x(2). Suppose 4 - g = -4*s. List the prime factors of s.
3
Suppose -w + 3*y + 70 + 79 = 0, 5*w - 701 = 4*y. List the prime factors of w.
137
Let t(h) = h**3 - 4*h**2 - 4*h + 2. Let q be t(4). Let y = -6 - q. What are the prime factors of y?
2
Suppose -6*q + 432 = -2*q. What are the prime factors of q?
2, 3
Let m be -1 - -2 - (-2 + 7). Let y = m - -7. What are the prime factors of y?
3
Suppose 0 = 5*b + 2*j - 7, b + 3*b + 8 = -5*j. Let x(w) = -3 + w**b + 1 - 7*w**2 + w + 9*w - 5. What are the prime factors of x(6)?
17
List the prime factors of 980/10*2/4.
7
List the prime factors of (20/(-130) - 37/13)*-37.
3, 37
Let l(p) = -86*p**3 - 2*p**2 - p. List the prime factors of l(-1).
5, 17
Let l(v) = v. Let y be l(3). Let s(g) = g**2 - 5*g - 9. Let d be s(-2). Suppose -d*t = 5*j - 45, y*t - 12 = 2*j - t. List the prime factors of j.
2
Let x be 362/8 + (-6)/(-8). Suppose -z + 3*b + 11 = 0, -3*b = -5*z + 57 + x. What are the prime factors of z?
23
Let i be (1 + 2 + -1)*20. Suppose 0*g - 2*g - 4*p + 36 = 0, 0 = -3*g + p + i. What are the prime factors of g?
2, 7
Suppose -4*t - 2*i + 298 = 0, 2*t = 3*t - 5*i - 47. List the prime factors of t.
2, 3
Let s(r) = -4*r**2 - 4*r - 1. Let j be s(-3). Let a = 43 + j. List the prime factors of a.
2, 3
List the prime factors of 0 + 48 + (-17)/17.
47
Suppose -6*d = -d + k + 16, -4*k + 32 = -4*d. List the prime factors of -2*(-4)/(-8) - d.
3
Let h(s) be the third derivative of 11*s**4/6 + s**3/2 - 3*s**2. Let o be h(3). List the prime factors of (-2)/(5/(o/(-6))).
3
Let l(o) = o**3 + 5*o**2 - 6*o - 3. Let r be l(-6). Let x(i) be the second derivative of i**5/20 + i**4/3 - 2*i**2 + i. List the prime factors of x(r).
5
List the prime factors of (8/8)/((-1)/(-29)).
29
Let c = -12 - -19. What are the prime factors of c?
7
Suppose 6*n = 4*n + 6. Let j be (2/2*1)/1. Let p = n + j. List the prime factors of p.
2
Let f = -9 - 3. Let h = -8 - f. What are the prime factors of h?
2
List the prime factors of 23 + -11 - (-2)/4*0.
2, 3
Let o = 7 + 22. List the prime factors of o.
29
Suppose 4*r + 34 = 2*r. 